{"id":88,"date":"2023-03-04T19:43:50","date_gmt":"2023-03-04T18:43:50","guid":{"rendered":"https:\/\/cryptopourtous.fr\/index.php\/produit\/album-2\/"},"modified":"2025-12-09T12:32:02","modified_gmt":"2025-12-09T11:32:02","slug":"e-book_cryptomonnaie-et-blockchain","status":"publish","type":"product","link":"https:\/\/cryptopourtous.fr\/?product=e-book_cryptomonnaie-et-blockchain","title":{"rendered":"E-book &#8211; Bitcoin, Cryptomonnaie et Blockchain : Comprendre de quoi on parle !"},"content":{"rendered":"<p>\ud83c\udf0d D\u00e9couvrez <strong>les secrets du monde de la cryptomonnaie<\/strong> gr\u00e2ce \u00e0 notre e-book exclusif \u00ab Bitcoin, Cryptomonnaies et Blockchain\u00a0: Comprendre de quoi on parle\u00a0!\u00a0\u00bb. Ce <strong>guide complet<\/strong> vous permettra de <strong>comprendre facilement<\/strong> le fonctionnement de la cryptomonnaie et de la technologie blockchain, leurs \u00e9volutions et leurs enjeux.<\/p>\n<p><strong>Si vous \u00eates int\u00e9ress\u00e9<\/strong> par ce monde fascinant mais ne savez pas par o\u00f9 commencer, alors <strong>ce livre est fait pour vous<\/strong>. Notre e-book vous offre une <strong>introduction d\u00e9taill\u00e9e et facile \u00e0 comprendre<\/strong> de la cryptomonnaie, de la technologie blockchain qui la sous-tend et des opportunit\u00e9s qu&rsquo;elle offre. Nous avons fait en sorte de <strong>simplifier<\/strong> les concepts complexes pour les <strong>rendre accessibles<\/strong> \u00e0 tout le monde.<\/p>\n<p>\ud83d\udca1 Notre e-book est <strong>le compagnon id\u00e9al<\/strong> pour tous ceux qui souhaitent <strong>comprendre le fonctionnement<\/strong> de la cryptomonnaie sans se perdre dans les d\u00e9tails techniques complexes. Nous croyons que la technologie blockchain associ\u00e9e peut offrir de<strong> nouvelles opportunit\u00e9s<\/strong> pour tout le monde, et <strong>nous voulons vous aider \u00e0 en profiter<\/strong>. Ne perdez plus de temps et d\u00e9couvrez le monde passionnant de la cryptomonnaie gr\u00e2ce \u00e0 notre e-book \u00ab Bitcoin, Cryptomonnaies et Blockchain : Comprendre de quoi on parle ! \u00bb.<\/p>\n<p>\ud83d\udcda <strong>T\u00e9l\u00e9chargez d\u00e8s maintenant<\/strong> votre exemplaire et commencez votre voyage vers la compr\u00e9hension de cette technologie consid\u00e9r\u00e9e comme l\u2019une des plus importantes de notre temps.<\/p>\n<p>&nbsp;<\/p>\n","protected":false},"excerpt":{"rendered":"<p>Les cryptomonnaies et la technologie blockchain associ\u00e9e provoquent <strong>un r\u00e9el engouement dans le monde entier<\/strong>. Certains sp\u00e9cialistes parlent d\u2019une v\u00e9ritable r\u00e9volution tandis que d\u2019autres se m\u00e9fient et mettent en garde contre son cot\u00e9 sp\u00e9culatif. Mais tous consid\u00e8rent la technologie qui se cache derri\u00e8re comme l\u2019une des plus importantes de notre temps, alors <strong>qu\u2019est-ce que r\u00e9ellement la crypto monnaie ?<\/strong><\/p>\n<p>\ud83d\udd0d Si vous n&rsquo;avez <strong>aucune connaissance<\/strong> en mati\u00e8re de cryptomonnaie et que vous souhaitez <strong>comprendre les enjeux et les \u00e9volutions<\/strong> de cette nouvelle technologie, l\u2019e-book \u00ab\u00a0Bitcoin, Cryptomonnaies et Blockchain\u00a0: Comprendre de quoi on parle\u00a0!\u00a0\u00bb <strong>est fait pour vous<\/strong>.<\/p>\n<p>\u00c0 travers des <strong>exemples concrets<\/strong> et des <strong>explications simplifi\u00e9es<\/strong>, d\u00e9couvrez les origines du Bitcoin et les fondamentaux de la blockchain, une technologie consid\u00e9r\u00e9e comme r\u00e9volutionnaire. Vous apprendrez \u00e9galement \u00e0 conna\u00eetre <strong>les principaux<\/strong> <strong>projets qui ont \u00e9t\u00e9 d\u00e9velopp\u00e9s<\/strong> \u00e0 l\u2019aide de cette technologie et serez <strong>capable de vous faire un avis<\/strong> sur son potentiel.<\/p>\n<p>\ud83d\udc49 Obtenez votre exemplaire d\u00e8s maintenant et plongez dans l\u2019univers captivant de la blockchain\u00a0!<\/p>\n<p>&nbsp;<\/p>\n","protected":false},"featured_media":422,"comment_status":"open","ping_status":"closed","template":"","meta":{"om_disable_all_campaigns":false,"_uf_show_specific_survey":0,"_uf_disable_surveys":false},"product_brand":[],"product_cat":[20],"product_tag":[],"class_list":{"0":"post-88","1":"product","2":"type-product","3":"status-publish","4":"has-post-thumbnail","6":"product_cat-e-book","8":"first","9":"instock","10":"featured","11":"downloadable","12":"virtual","13":"purchasable","14":"product-type-simple"},"yoast_head":"<!-- This site is optimized with the Yoast SEO plugin v27.6 - https:\/\/yoast.com\/product\/yoast-seo-wordpress\/ -->\n<title>E-book - Bitcoin, Cryptomonnaie et Blockchain : Comprendre de quoi on parle ! - CryptoPourTous<\/title>\n<meta name=\"description\" content=\"E-book \u00ab Bitcoin, Cryptomonnaie et Blockchain : Comprendre de quoi on parle \u00bb. Votre guide pour appr\u00e9hender facilement le monde de la cryptomonnaie\" \/>\n<meta name=\"robots\" content=\"index, follow, max-snippet:-1, max-image-preview:large, max-video-preview:-1\" \/>\n<link rel=\"canonical\" href=\"https:\/\/cryptopourtous.fr\/?product=e-book_cryptomonnaie-et-blockchain\" \/>\n<meta property=\"og:locale\" content=\"fr_FR\" \/>\n<meta property=\"og:type\" content=\"article\" \/>\n<meta property=\"og:title\" content=\"E-book - Bitcoin, Cryptomonnaie et Blockchain : Comprendre de quoi on parle ! - CryptoPourTous\" \/>\n<meta property=\"og:description\" content=\"E-book \u00ab Bitcoin, Cryptomonnaie et Blockchain : Comprendre de quoi on parle \u00bb. Votre guide pour appr\u00e9hender facilement le monde de la cryptomonnaie\" \/>\n<meta property=\"og:url\" content=\"https:\/\/cryptopourtous.fr\/?product=e-book_cryptomonnaie-et-blockchain\" \/>\n<meta property=\"og:site_name\" content=\"CryptoPourTous\" \/>\n<meta property=\"article:modified_time\" content=\"2025-12-09T11:32:02+00:00\" \/>\n<meta property=\"og:image\" content=\"https:\/\/cryptopourtous.fr\/wp-content\/uploads\/2023\/03\/couverture-av-2.jpg\" \/>\n\t<meta property=\"og:image:width\" content=\"1061\" \/>\n\t<meta property=\"og:image:height\" content=\"1501\" \/>\n\t<meta property=\"og:image:type\" content=\"image\/jpeg\" \/>\n<meta name=\"twitter:card\" content=\"summary_large_image\" \/>\n<meta name=\"twitter:label1\" content=\"Dur\u00e9e de lecture estim\u00e9e\" \/>\n\t<meta name=\"twitter:data1\" content=\"2 minutes\" \/>\n<script type=\"application\/ld+json\" class=\"yoast-schema-graph\">{\"@context\":\"https:\\\/\\\/schema.org\",\"@graph\":[{\"@type\":\"WebPage\",\"@id\":\"https:\\\/\\\/cryptopourtous.fr\\\/?product=e-book_cryptomonnaie-et-blockchain\",\"url\":\"https:\\\/\\\/cryptopourtous.fr\\\/?product=e-book_cryptomonnaie-et-blockchain\",\"name\":\"E-book - Bitcoin, Cryptomonnaie et Blockchain : Comprendre de quoi on parle ! - CryptoPourTous\",\"isPartOf\":{\"@id\":\"https:\\\/\\\/cryptopourtous.fr\\\/#website\"},\"primaryImageOfPage\":{\"@id\":\"https:\\\/\\\/cryptopourtous.fr\\\/?product=e-book_cryptomonnaie-et-blockchain#primaryimage\"},\"image\":{\"@id\":\"https:\\\/\\\/cryptopourtous.fr\\\/?product=e-book_cryptomonnaie-et-blockchain#primaryimage\"},\"thumbnailUrl\":\"https:\\\/\\\/i0.wp.com\\\/cryptopourtous.fr\\\/wp-content\\\/uploads\\\/2023\\\/03\\\/couverture-av-2.jpg?fit=1061%2C1501&ssl=1\",\"datePublished\":\"2023-03-04T18:43:50+00:00\",\"dateModified\":\"2025-12-09T11:32:02+00:00\",\"description\":\"E-book \u00ab Bitcoin, Cryptomonnaie et Blockchain : Comprendre de quoi on parle \u00bb. Votre guide pour appr\u00e9hender facilement le monde de la cryptomonnaie\",\"breadcrumb\":{\"@id\":\"https:\\\/\\\/cryptopourtous.fr\\\/?product=e-book_cryptomonnaie-et-blockchain#breadcrumb\"},\"inLanguage\":\"fr-FR\",\"potentialAction\":[{\"@type\":\"ReadAction\",\"target\":[\"https:\\\/\\\/cryptopourtous.fr\\\/?product=e-book_cryptomonnaie-et-blockchain\"]}]},{\"@type\":\"ImageObject\",\"inLanguage\":\"fr-FR\",\"@id\":\"https:\\\/\\\/cryptopourtous.fr\\\/?product=e-book_cryptomonnaie-et-blockchain#primaryimage\",\"url\":\"https:\\\/\\\/i0.wp.com\\\/cryptopourtous.fr\\\/wp-content\\\/uploads\\\/2023\\\/03\\\/couverture-av-2.jpg?fit=1061%2C1501&ssl=1\",\"contentUrl\":\"https:\\\/\\\/i0.wp.com\\\/cryptopourtous.fr\\\/wp-content\\\/uploads\\\/2023\\\/03\\\/couverture-av-2.jpg?fit=1061%2C1501&ssl=1\",\"width\":1061,\"height\":1501,\"caption\":\"EBOOK \\\"Bitcoin, Cryptomonnaie et Blockchain : Comprendre de quoi on parle !\\\"\"},{\"@type\":\"BreadcrumbList\",\"@id\":\"https:\\\/\\\/cryptopourtous.fr\\\/?product=e-book_cryptomonnaie-et-blockchain#breadcrumb\",\"itemListElement\":[{\"@type\":\"ListItem\",\"position\":1,\"name\":\"Accueil\",\"item\":\"https:\\\/\\\/cryptopourtous.fr\\\/\"},{\"@type\":\"ListItem\",\"position\":2,\"name\":\"Boutique\",\"item\":\"https:\\\/\\\/cryptopourtous.fr\\\/?page_id=80\"},{\"@type\":\"ListItem\",\"position\":3,\"name\":\"E-book &#8211; Bitcoin, Cryptomonnaie et Blockchain : Comprendre de quoi on parle !\"}]},{\"@type\":\"WebSite\",\"@id\":\"https:\\\/\\\/cryptopourtous.fr\\\/#website\",\"url\":\"https:\\\/\\\/cryptopourtous.fr\\\/\",\"name\":\"CryptoPourTous\",\"description\":\"\",\"publisher\":{\"@id\":\"https:\\\/\\\/cryptopourtous.fr\\\/#organization\"},\"potentialAction\":[{\"@type\":\"SearchAction\",\"target\":{\"@type\":\"EntryPoint\",\"urlTemplate\":\"https:\\\/\\\/cryptopourtous.fr\\\/?s={search_term_string}\"},\"query-input\":{\"@type\":\"PropertyValueSpecification\",\"valueRequired\":true,\"valueName\":\"search_term_string\"}}],\"inLanguage\":\"fr-FR\"},{\"@type\":\"Organization\",\"@id\":\"https:\\\/\\\/cryptopourtous.fr\\\/#organization\",\"name\":\"DigitalDynamic\",\"url\":\"https:\\\/\\\/cryptopourtous.fr\\\/\",\"logo\":{\"@type\":\"ImageObject\",\"inLanguage\":\"fr-FR\",\"@id\":\"https:\\\/\\\/cryptopourtous.fr\\\/#\\\/schema\\\/logo\\\/image\\\/\",\"url\":\"https:\\\/\\\/i0.wp.com\\\/cryptopourtous.fr\\\/wp-content\\\/uploads\\\/2023\\\/02\\\/cropped-CryptoPourTous.png?fit=479%2C204&ssl=1\",\"contentUrl\":\"https:\\\/\\\/i0.wp.com\\\/cryptopourtous.fr\\\/wp-content\\\/uploads\\\/2023\\\/02\\\/cropped-CryptoPourTous.png?fit=479%2C204&ssl=1\",\"width\":479,\"height\":204,\"caption\":\"DigitalDynamic\"},\"image\":{\"@id\":\"https:\\\/\\\/cryptopourtous.fr\\\/#\\\/schema\\\/logo\\\/image\\\/\"}}]}<\/script>\n<!-- \/ Yoast SEO plugin. -->","yoast_head_json":{"title":"E-book - Bitcoin, Cryptomonnaie et Blockchain : Comprendre de quoi on parle ! - CryptoPourTous","description":"E-book \u00ab Bitcoin, Cryptomonnaie et Blockchain : Comprendre de quoi on parle \u00bb. Votre guide pour appr\u00e9hender facilement le monde de la cryptomonnaie","robots":{"index":"index","follow":"follow","max-snippet":"max-snippet:-1","max-image-preview":"max-image-preview:large","max-video-preview":"max-video-preview:-1"},"canonical":"https:\/\/cryptopourtous.fr\/?product=e-book_cryptomonnaie-et-blockchain","og_locale":"fr_FR","og_type":"article","og_title":"E-book - Bitcoin, Cryptomonnaie et Blockchain : Comprendre de quoi on parle ! - CryptoPourTous","og_description":"E-book \u00ab Bitcoin, Cryptomonnaie et Blockchain : Comprendre de quoi on parle \u00bb. Votre guide pour appr\u00e9hender facilement le monde de la cryptomonnaie","og_url":"https:\/\/cryptopourtous.fr\/?product=e-book_cryptomonnaie-et-blockchain","og_site_name":"CryptoPourTous","article_modified_time":"2025-12-09T11:32:02+00:00","og_image":[{"width":1061,"height":1501,"url":"https:\/\/cryptopourtous.fr\/wp-content\/uploads\/2023\/03\/couverture-av-2.jpg","type":"image\/jpeg"}],"twitter_card":"summary_large_image","twitter_misc":{"Dur\u00e9e de lecture estim\u00e9e":"2 minutes"},"schema":{"@context":"https:\/\/schema.org","@graph":[{"@type":"WebPage","@id":"https:\/\/cryptopourtous.fr\/?product=e-book_cryptomonnaie-et-blockchain","url":"https:\/\/cryptopourtous.fr\/?product=e-book_cryptomonnaie-et-blockchain","name":"E-book - Bitcoin, Cryptomonnaie et Blockchain : Comprendre de quoi on parle ! - CryptoPourTous","isPartOf":{"@id":"https:\/\/cryptopourtous.fr\/#website"},"primaryImageOfPage":{"@id":"https:\/\/cryptopourtous.fr\/?product=e-book_cryptomonnaie-et-blockchain#primaryimage"},"image":{"@id":"https:\/\/cryptopourtous.fr\/?product=e-book_cryptomonnaie-et-blockchain#primaryimage"},"thumbnailUrl":"https:\/\/i0.wp.com\/cryptopourtous.fr\/wp-content\/uploads\/2023\/03\/couverture-av-2.jpg?fit=1061%2C1501&ssl=1","datePublished":"2023-03-04T18:43:50+00:00","dateModified":"2025-12-09T11:32:02+00:00","description":"E-book \u00ab Bitcoin, Cryptomonnaie et Blockchain : Comprendre de quoi on parle \u00bb. Votre guide pour appr\u00e9hender facilement le monde de la cryptomonnaie","breadcrumb":{"@id":"https:\/\/cryptopourtous.fr\/?product=e-book_cryptomonnaie-et-blockchain#breadcrumb"},"inLanguage":"fr-FR","potentialAction":[{"@type":"ReadAction","target":["https:\/\/cryptopourtous.fr\/?product=e-book_cryptomonnaie-et-blockchain"]}]},{"@type":"ImageObject","inLanguage":"fr-FR","@id":"https:\/\/cryptopourtous.fr\/?product=e-book_cryptomonnaie-et-blockchain#primaryimage","url":"https:\/\/i0.wp.com\/cryptopourtous.fr\/wp-content\/uploads\/2023\/03\/couverture-av-2.jpg?fit=1061%2C1501&ssl=1","contentUrl":"https:\/\/i0.wp.com\/cryptopourtous.fr\/wp-content\/uploads\/2023\/03\/couverture-av-2.jpg?fit=1061%2C1501&ssl=1","width":1061,"height":1501,"caption":"EBOOK \"Bitcoin, Cryptomonnaie et Blockchain : Comprendre de quoi on parle !\""},{"@type":"BreadcrumbList","@id":"https:\/\/cryptopourtous.fr\/?product=e-book_cryptomonnaie-et-blockchain#breadcrumb","itemListElement":[{"@type":"ListItem","position":1,"name":"Accueil","item":"https:\/\/cryptopourtous.fr\/"},{"@type":"ListItem","position":2,"name":"Boutique","item":"https:\/\/cryptopourtous.fr\/?page_id=80"},{"@type":"ListItem","position":3,"name":"E-book &#8211; Bitcoin, Cryptomonnaie et Blockchain : Comprendre de quoi on parle !"}]},{"@type":"WebSite","@id":"https:\/\/cryptopourtous.fr\/#website","url":"https:\/\/cryptopourtous.fr\/","name":"CryptoPourTous","description":"","publisher":{"@id":"https:\/\/cryptopourtous.fr\/#organization"},"potentialAction":[{"@type":"SearchAction","target":{"@type":"EntryPoint","urlTemplate":"https:\/\/cryptopourtous.fr\/?s={search_term_string}"},"query-input":{"@type":"PropertyValueSpecification","valueRequired":true,"valueName":"search_term_string"}}],"inLanguage":"fr-FR"},{"@type":"Organization","@id":"https:\/\/cryptopourtous.fr\/#organization","name":"DigitalDynamic","url":"https:\/\/cryptopourtous.fr\/","logo":{"@type":"ImageObject","inLanguage":"fr-FR","@id":"https:\/\/cryptopourtous.fr\/#\/schema\/logo\/image\/","url":"https:\/\/i0.wp.com\/cryptopourtous.fr\/wp-content\/uploads\/2023\/02\/cropped-CryptoPourTous.png?fit=479%2C204&ssl=1","contentUrl":"https:\/\/i0.wp.com\/cryptopourtous.fr\/wp-content\/uploads\/2023\/02\/cropped-CryptoPourTous.png?fit=479%2C204&ssl=1","width":479,"height":204,"caption":"DigitalDynamic"},"image":{"@id":"https:\/\/cryptopourtous.fr\/#\/schema\/logo\/image\/"}}]}},"jetpack_sharing_enabled":true,"_links":{"self":[{"href":"https:\/\/cryptopourtous.fr\/index.php?rest_route=\/wp\/v2\/product\/88","targetHints":{"allow":["GET"]}}],"collection":[{"href":"https:\/\/cryptopourtous.fr\/index.php?rest_route=\/wp\/v2\/product"}],"about":[{"href":"https:\/\/cryptopourtous.fr\/index.php?rest_route=\/wp\/v2\/types\/product"}],"replies":[{"embeddable":true,"href":"https:\/\/cryptopourtous.fr\/index.php?rest_route=%2Fwp%2Fv2%2Fcomments&post=88"}],"wp:featuredmedia":[{"embeddable":true,"href":"https:\/\/cryptopourtous.fr\/index.php?rest_route=\/wp\/v2\/media\/422"}],"wp:attachment":[{"href":"https:\/\/cryptopourtous.fr\/index.php?rest_route=%2Fwp%2Fv2%2Fmedia&parent=88"}],"wp:term":[{"taxonomy":"product_brand","embeddable":true,"href":"https:\/\/cryptopourtous.fr\/index.php?rest_route=%2Fwp%2Fv2%2Fproduct_brand&post=88"},{"taxonomy":"product_cat","embeddable":true,"href":"https:\/\/cryptopourtous.fr\/index.php?rest_route=%2Fwp%2Fv2%2Fproduct_cat&post=88"},{"taxonomy":"product_tag","embeddable":true,"href":"https:\/\/cryptopourtous.fr\/index.php?rest_route=%2Fwp%2Fv2%2Fproduct_tag&post=88"}],"curies":[{"name":"wp","href":"https:\/\/api.w.org\/{rel}","templated":true}]}}